 b(6). Let y = v + 85. What is the tens digit of y?
3
Suppose 5*g - 295 = -2*p, 0 = -2*p - 2*p + 4*g + 660. What is the hundreds digit of p?
1
Let o be (4 - (6 - 4)) + 57. Let u = -4 + o. What is the tens digit of u?
5
What is the hundreds digit of (9 + (-208)/24)*(-11064)/(-4)?
9
Suppose -2*x - 1740 = -14*x. Suppose 151 = s + 5*j + 9, -s - 4*j + x = 0. What is the hundreds digit of s?
1
Let j = -3 + 9. Suppose -4*r - 2*n = -138, -n + 123 = 3*r - j*n. What is the tens digit of 1 - -1 - (1 - r)?
3
Let l(r) = 1331*r**2 - 9*r + 7. What is the hundreds digit of l(1)?
3
Let o(w) = -6*w**3 - 3*w**2 - 7. Let p = 49 + -52. What is the units digit of o(p)?
8
Suppose 0*c = -14*c + 7504. Let v = c + -372. What is the tens digit of v?
6
Let t(l) = 5*l**3 + 70*l**2 - 28*l - 4. What is the units digit of t(-14)?
8
Let k be -446 + (0 - (-8 - -4)). What is the units digit of (-3)/(-7) - 2*k/28?
2
Let u(o) = 3*o**2 - 26*o - 9. Let r be u(9). Suppose -4*g + 195 + 253 = r. What is the units digit of g?
2
Suppose 5*u = 79 + 81. Suppose 3*r - 1 = u. Suppose -36 = -12*s + r*s. What is the tens digit of s?
3
Let m = 851 + -528. What is the tens digit of m?
2
Let t = -12 - -12. Suppose 2*m + 1 - 9 = t. What is the tens digit of 2/(2/68*m)?
1
Let r(v) = -v**2 + 18*v + 23. Suppose 5*m = -4*g + 102, m - 4*m = -g - 51. What is the tens digit of r(m)?
2
Let z = -13 + 23. Suppose -2*c - z = -22. Suppose -12 = -3*i + c. What is the units digit of i?
6
Let v be (-56)/32*1*32. Let u = 11 - v. What is the units digit of u?
7
Let u = 12 + -10. Suppose 0*v - u*v = 48. Let i = v + 42. What is the units digit of i?
8
Let i be (2 + 48/18)/((-4)/6). What is the units digit of (-2 + (-3)/(-15))/(i/315)?
1
What is the hundreds digit of 1 - (-7)/(-5) - 2884/(-10)?
2
Suppose -4*r - 2*f = -f - 1, 5*f - 22 = -3*r. What is the tens digit of 3 - (-8 + r)*8?
7
What is the tens digit of 38/1*(-174)/(-42)*14?
0
What is the tens digit of (142/(-2))/((-3)/45)?
6
Let r(h) = 16*h**2 + 13*h + 99. What is the hundreds digit of r(-7)?
7
Suppose -5*h - 5*w + 40 = -2*w, 0 = 3*w - 15. Suppose -h*n + 10*n - 10 = 0, -g + 45 = -n. Suppose 3*x - g = -i - i, x + 4*i = 19. What is the tens digit of x?
1
Suppose -26*t + 53*t = 49059. What is the units digit of t?
7
Let s(c) = c**2 + 7*c - 4. Let f be s(-8). What is the tens digit of f/6*(10 + 5)?
1
Let l be (1/(-2))/(2/(-48)). Suppose 7*f = 3*f + l. Suppose f*q + 3*w = 87, 5*q = -w + 106 + 19. What is the tens digit of q?
2
Suppose -20 = -724*m + 720*m. Let o = 3 + -1. Suppose m*y = p - 35, -7*p + o*y + 50 = -3*p. What is the tens digit of p?
1
Suppose 10*l - 2774 = 7*l - i, -i = -2. What is the units digit of l?
4
Let p = 37 + -35. Suppose p*s + s = 432. What is the tens digit of s?
4
Let u(w) = 42*w**3 + w**2 - 11*w + 9. What is the thousands digit of u(3)?
1
Suppose 6*g - 5629 = 8585. What is the tens digit of g?
6
Let b(s) be the first derivative of 83*s**3/3 + 2*s**2 - 3*s - 11. What is the tens digit of b(1)?
8
Let z = -108 + 484. What is the hundreds digit of z?
3
Suppose 0 = -5*k - 5*f - 10, -4*k + 14 = k - f. Let j be 238/18 + k/(-9). What is the tens digit of j*(0/(-1) - -1)?
1
What is the hundreds digit of -1 + (-5632)/(-16)*(-6)/(-8)?
2
Suppose 5*p - 16480 = -5*l, 5*l + 4*p - 7931 = 8552. What is the units digit of l?
9
Suppose -5*k = 352 - 337, -5*f - 4*k = -16643. What is the tens digit of f?
3
Suppose -59 = 18*q - 4235. What is the hundreds digit of q?
2
Let c(z) be the third derivative of z**4/3 + 5*z**3/3 - z**2. What is the units digit of c(5)?
0
Suppose 2*x = 6*x - 5*w - 1998, 3*x = 2*w + 1502. What is the units digit of x?
2
What is the tens digit of 58/5 + 3 - 9/15?
1
Let w = 485 + -254. Let z be 4 - ((4 - w) + 2). Suppose -37 + z = 4*n. What is the tens digit of n?
4
Let x(u) = -6*u**3 - 12*u**2 + 10*u - 28. What is the hundreds digit of x(-7)?
3
Let a(p) = -p**3 + 37*p**2 + 2*p + 47. What is the units digit of a(37)?
1
Let v(i) = -31 + 3*i + 23 + 0*i. Let t be v(5). Suppose 81 = 3*w + 4*f + t, -2*w + 16 = -4*f. What is the tens digit of w?
1
Let u = -3 - 9. Let c be (-150)/u*(-1 + -1). Let t = c + 26. What is the units digit of t?
1
Let n(c) = 7*c**3 - 8*c**2 + 6*c + 12. What is the hundreds digit of n(4)?
3
Let k = 8 + -6. Suppose 5*z + k*b = -1 + 9, 0 = 3*b + 3. Let s = z + 4. What is the units digit of s?
6
Suppose 73*p + 238 = 75*p. What is the units digit of p?
9
Let z(k) = -k**3 + k**2 - k. Let v(u) = -4*u**3 + 4*u**2 - 6*u + 2. Let m(y) = -v(y) + 3*z(y). Let h be m(2). Suppose -c = -5 - h. What is the units digit of c?
3
Let b = 24 - -137. What is the tens digit of b?
6
Suppose -3*f + 3*q = -8376, -5*q - 11173 = -87*f + 83*f. What is the units digit of f?
7
Suppose 23*q + 15 = 22*q. What is the hundreds digit of q*((-8 - 3)/1 + 2)?
1
What is the tens digit of (-48)/(-60) - (-3)/(15/526)?
0
What is the units digit of (3 - 2)/((-1)/(-7 - 1654))?
1
Suppose 19*d - 20*d + 5 = 0, -3*u + 3*d + 6297 = 0. What is the tens digit of u?
0
Let p = 12 + -9. Suppose -t - c = p, -3*t + 0*t + 4*c = -26. Suppose -t*k + 82 = 4*g, 5*k = k - 4*g + 156. What is the units digit of k?
7
Let u be (-3372)/28 - (-9)/21. Let a = -69 - u. What is the units digit of a?
1
Suppose 5*t + 9 = 34. Suppose t*c = 2*o - 337, 0*o + 5*c = -2*o + 387. What is the hundreds digit of o?
1
Suppose -5*f = -6*f. Let z(k) = -k**3 - k**2 - 4. Let r be z(f). What is the tens digit of (104/(-10))/(r/10)?
2
Let n = -19 - -16. Let p be (n - -6)*(-267)/9. Let t = -60 - p. What is the tens digit of t?
2
Suppose 0 = -2*s - 3*o - 13, 4*s - 5 = -4*o - 29. Let i(c) = c**3 + 5*c**2 - 14*c - 11. What is the tens digit of i(s)?
5
What is the units digit of ((-3)/(-2))/(((-36)/1448)/(-9))?
3
Let u = 30 + 0. Let f = 51 - u. What is the tens digit of -48*(2 - f/9)?
1
Let s(u) = 2*u**2 + 15*u + 240. What is the tens digit of s(35)?
1
Suppose -2 = 2*g - 3*g + 3*h, -4*h = 16. Let o be (4/g)/((-2)/(-380)). Let w = -39 - o. What is the tens digit of w?
3
Suppose -110 = 5*h - 0*h. Let d = h + 24. Suppose 3*l - 1 = d*l, 3*k + 2*l = 185. What is the tens digit of k?
6
Let b be ((-9)/4)/((-1)/(-4)). Let h = b + 13. What is the units digit of 3/h + (-25)/(-20)?
2
Let b(q) = -q**2 + 27*q + 155. What is the units digit of b(31)?
1
What is the tens digit of 254/4445 + (-37726)/(-70)?
3
Let l(m) = -m**2 - 10*m + 10. Let f be l(-10). Let c(o) = -f*o - 5 - 12*o + 18*o. What is the units digit of c(-6)?
9
Suppose -2 - 2 = 2*g, 0 = 3*o + 4*g - 12145. What is the thousands digit of o?
4
Let v = 5 + 1. Let d(y) = 2*y**2 - 6*y + 2. What is the tens digit of d(v)?
3
Suppose -13*b - 16*b = -55187. What is the hundreds digit of b?
9
Let n(o) = 8*o**2 - 4*o + 6. Let r be n(2). Let t = r + 23. What is the units digit of t?
3
Let a(g) = -g**3 + 6*g**2 + 7*g - 8. Let q be a(6). Let s be (-2)/6 - q/(-3). Suppose -3*d = -5*j - 38, 5*j - 53 + s = -2*d. What is the tens digit of d?
1
Let d(t) = 0*t + 1 - 2*t - 2*t. Suppose 2*a + 3 = 7, 17 = -3*g + a. What is the units digit of d(g)?
1
Let n be (0 + -2 + 2)/(-1). Suppose 4*x + 2*h = 276, -4*x + h + 87 + 183 = n. What is the units digit of x?
8
Let d(a) = 12 + 13*a**2 - 25*a**2 + 9*a + 13*a**2. What is the units digit of d(10)?
2
Let v(h) = 42*h**2 + 8*h - 39. What is the units digit of v(3)?
3
Let p be (-3)/(-6)*6 + 0. Suppose -u = -p*l + 35, 4*l + 3*u - 4 - 34 = 0. What is the units digit of l?
1
Suppose -3 = 5*l - 4*b - 1, 0 = 5*l + 3*b - 19. Suppose 4 = -12*o + 28. Suppose 0 = 3*c - o*p - 26, -c - l*p + 12 = -p. What is the units digit of c?
0
Let c(w) = -3*w**2 - 5*w - 14. Let n(o) = -5*o**2 - 9*o - 27. Let j(h) = -7*c(h) + 4*n(h). Let s = -727 - -732. What is the units digit of j(s)?
0
Let z(v) = -102*v - 207. What is the hundreds digit of z(-7)?
5
Suppose 7*u = 11*u + 3*h - 353, 0 = 3*u + h - 261. What is the units digit of u?
6
Suppose 5*w = -20, -o - 4*w - 6 = 24. Let y = -23 - o. Let u = 12 + y. What is the units digit of u?
3
Let h = 3300 - 1773. What is the tens digit of h?
2
Suppose 22*u + 874 = 30420. What is the units digit of u?
3
Suppose 4*o - 5*h = 218, -o - 8*h + 4*h = -44. Suppose 58*l = o*l + 870. What is the hundreds digit of l?
1
Let u(r) = -r - 2. Let l(s) = -4*s - 5. Let p(c) = 4*l(c) - 11*u(c). What is the tens digit of p(-5)?
2
Suppose 2*t = 5*k 